r of b and i?
10
Let l be -7*(-3 - (-2 - 0)). What is the highest common divisor of 35 and l?
7
Let f(m) = m**2 - 6*m - 6. Let t be f(-3). Let o be (-3252)/(-9)*6/4. Let u = -311 + o. What is the highest common factor of u and t?
21
Let v(k) = 2*k + 9. Let g be v(-6). Let s be ((-5)/(-3))/(g/(-9)). Let f be (-1314)/(-15) - (-2)/s. What is the greatest common factor of 11 and f?
11
Suppose -4*y + 76 = 12. What is the greatest common divisor of y and 112?
16
Let c = 2 + 1. Suppose 0 = -a - c*a + 12. Suppose 2*t - 43 = 5*o, 0 = t + a*o + 2 + 4. What is the greatest common factor of 27 and t?
9
Suppose -43 = 7*a - 232. What is the highest common factor of 297 and a?
27
Let r = 12 - 8. Suppose 2*g - 39 = -5*l, 4*l - 5*l + 87 = r*g. Calculate the greatest common factor of g and 11.
11
Suppose -2*h - 9 = -5*h. Let w be 2/h - (-22)/3. Let z(u) = -u**3 - 2*u**2 + 1. Let l be z(-2). Calculate the greatest common factor of l and w.
1
Let l = -1 - -9. Let q = -2 + l. Calculate the greatest common divisor of q and 3.
3
Let s = 166 + -101. Calculate the greatest common factor of 13 and s.
13
Let q(z) = 2*z**3 - 3*z**2 + 4*z - 3. Let d = 5 - 3. Let f be q(d). What is the highest common divisor of f and 3?
3
Let z(b) = b**2 + 7*b + 13. Let t be z(-6). Let j be 3/(-2) + 4/8. Let f = j + t. What is the highest common divisor of f and 12?
6
Let g = -159 - -501. Calculate the greatest common divisor of 38 and g.
38
Suppose 4*z - 461 = -5*a, -z = z - 5*a - 223. Let k = -62 + z. Suppose 0 = 5*w - w - 4*c - 92, 2*w - k = -4*c. Calculate the highest common factor of w and 12.
12
Suppose 16 = 3*v + q, q + 8 = -0*v + 3*v. Calculate the greatest common factor of 8 and v.
4
Let q = 25 - 20. Calculate the highest common factor of q and 20.
5
Suppose -3*u + 2*u = -2*m - 1, -m + 31 = -4*u. Let o(l) = -l - 6. Let n be o(u). Let x be 10 - (1 + (-3)/n). What is the greatest common factor of 25 and x?
5
Let f(q) = 9*q + 1. Let c be f(1). Suppose 123 = 4*d - 197. What is the greatest common divisor of d and c?
10
Suppose 5*j = 2*j + 27. Let u = -152 - -224. Calculate the highest common divisor of u and j.
9
Let c(x) = 3*x - 34. Let n be c(13). Suppose -f - 2 = -5. Let t be 1*f/(6/80). Calculate the highest common divisor of n and t.
5
Let b(p) = 6*p**2 - p + 1. Let i be b(1). Let r = -4 + i. Suppose -4*y + r*u + 328 = 0, 2*y + 3*u - 318 = -2*y. What is the greatest common factor of 9 and y?
9
Suppose 5*f - 4*z = 106, -5*f + 107 = -z - 2*z. Let k(a) = a**2 - 9*a - 26. Let t be k(17). Calculate the greatest common divisor of f and t.
22
Let a be ((-104)/6)/(1/(-6)). Suppose -s - 41 = -3*l, s - 3*s + 61 = 5*l. What is the highest common factor of l and a?
13
Suppose 5*l = a - 2*a + 128, 0 = -2*l - a + 50. Calculate the highest common factor of l and 65.
13
Let t(f) = 7*f**2 + f + 1. Let y be t(1). Let o = -10 - -6. Let l be (3 + -1)/(o/(-54)). Calculate the greatest common factor of y and l.
9
Suppose 5 = 5*u - 5. Let q be u/(-3) + 35/3. Suppose 0 = -h + 5 + 6. Calculate the highest common factor of q and h.
11
Suppose -r - d + 6*d - 70 = 0, 5*d + 230 = -3*r. Let l = r - -130. Let z be 1*(20 + 1 + 1). What is the highest common divisor of l and z?
11
Let q be 0/(-1)*1/2. Let r be 49 + (-2 - q - -5). Calculate the highest common divisor of r and 13.
13
Suppose -5*h - 4*v - 4 = -41, 0 = 2*h + 2*v - 16. Calculate the highest common factor of 25 and h.
5
Suppose 0*k = -3*k + 27. Suppose 0 = k*a - 6*a - 3. Calculate the greatest common factor of 8 and a.
1
Let q = 304 + -106. Suppose -18 = -t - 5*s, 23 = 2*t + 5*s - 13. What is the greatest common divisor of q and t?
18
Suppose -5*f + 8 = -2*s, 9*f - 12 = -2*s + 4*f. Let i(j) = j**3 + 3*j**2 - 4*j + 3. Let l be i(-4). Calculate the highest common divisor of l and s.
1
Let n = -810 - -842. Let p = 108 + -28. Calculate the highest common divisor of p and n.
16
Let q(l) = l + 7. Let a = 4 + -7. Let y be q(a). Calculate the greatest common divisor of y and 20.
4
Let n = -3 - -18. Suppose 6*t - 5*t = 0. Let v = n + t. What is the highest common divisor of v and 120?
15
Suppose 2*m - 16 = -2*m. Let y(u) = -u**2 + 3*u + 5. Let x be y(m). Calculate the greatest common factor of 8 and x.
1
Let v(b) = -b**3 - 20*b**2 - 17*b + 46. Let p be v(-19). What is the highest common factor of p and 16?
8
Let o(u) = -u**2 + 15*u + 12. Let f be o(7). What is the greatest common divisor of f and 170?
34
Let d be (-1)/((-2)/(-10)) + -1. Let q(u) = -u + 8. Let l be q(d). Calculate the greatest common factor of l and 112.
14
Suppose z - 6 = 24. Let n = -6 + 26. Calculate the highest common divisor of n and z.
10
Suppose -5*i - 25 = 0, 5*i = f + 3*i - 6. Let o(k) = -k**2 - 8*k - 4. Let a be o(f). What is the greatest common divisor of a and 120?
12
Suppose k - 6*k - 2*p = -788, 0 = -5*k - 3*p + 787. Suppose 5*i + 33 = k. What is the greatest common divisor of 10 and i?
5
Suppose 3*h + 2*h + 20 = 0. Let f = h + 6. Suppose -f*b = -y + 5*y - 96, -y + 108 = 2*b. What is the highest common factor of 8 and b?
8
Let f(k) = k**3 + 2*k - 2. Let q be f(2). Calculate the highest common divisor of 15 and q.
5
Let b be ((-18)/(-12))/(6/(-8)). Let p be b*((-15)/6 + 1). Suppose -36 = a - p*a. Calculate the greatest common factor of a and 27.
9
Let u(h) = h**3 + h + 12. Let j be u(0). Suppose -66 = -5*o - 0*w - 2*w, o - 21 = -3*w. Calculate the highest common factor of j and o.
12
Let c(n) = -n**2 + 6*n + 2. Let p be c(4). Let i = -408 - -418. What is the greatest common divisor of i and p?
10
Let a(r) = -9*r**2 - 8*r - r**3 + 6 + 5*r**3 - 2*r**3 - 3*r**3. Let w be a(-8). What is the highest common factor of 4 and w?
2
Let q be (-6)/(-21) + (-558)/(-7). Let p be 2/10 + 45/25. Suppose 0 = n - p*n + 10. Calculate the highest common divisor of q and n.
10
Let y = -76 + 80. Calculate the greatest common divisor of 20 and y.
4
Let w = -26 + 39. Calculate the highest common divisor of w and 13.
13
Let c be -2*(1 + 5/(-2)). Let v = 5 + -152. Let l be v/(-12) - (-1)/(-4). What is the greatest common factor of l and c?
3
Suppose -4*c + 32 = -4*j - 2*c, 5*j + 5*c = -40. Let y(q) = q**2 + 7*q + 2. Let l be y(j). Calculate the highest common divisor of l and 10.
10
Let n = 177 + -97. Let o be 1 - (-12 + -2) - -1. Calculate the highest common divisor of n and o.
16
Suppose c - 54 = 222. Suppose 5*v - 80 - 188 = 2*g, 4*g + c = 5*v. Let x = v - 1. Calculate the greatest common divisor of x and 34.
17
Suppose -1620 = -22*g + 4*g. What is the greatest common divisor of 15 and g?
15
Let p be ((-348)/(-10))/((-9)/(-30)). What is the greatest common divisor of p and 29?
29
Let b = 1148 - 788. What is the highest common factor of 45 and b?
45
Let w(n) = n**2 + 4*n + 6. Let o be w(-4). Suppose 7*a - o*a - 9 = 0. What is the highest common divisor of 3 and a?
3
Let y be (-930)/(-21) - 8/28. What is the greatest common factor of y and 22?
22
Let s be (18 + 2)*(-6)/(-15). Suppose 5*h - 26 - 24 = 0. Let b be (-78)/(-5) - (-4)/h. What is the greatest common factor of b and s?
8
Suppose 0 = 5*q - 2*q - 135. Suppose -n + 5*l + 13 = 3, 2*n - 3*l = 27. What is the greatest common divisor of n and q?
15
Let k(i) be the third derivative of -i**6/120 + i**5/10 - i**3/6 + 4*i**2. Let h be k(5). What is the highest common divisor of h and 36?
12
Let j be (-72)/(-20) - (-4)/10. Suppose 4 + 0 = j*b. Calculate the highest common divisor of b and 6.
1
Let w = 1 + 1. Let m = 238 + -222. What is the greatest common divisor of m and w?
2
Suppose -9*p = -31 - 50. What is the greatest common divisor of p and 12?
3
Let t be (-14)/(-4) + 3/(-6). Suppose 0 = r + t, 4*s - 3*r + 2*r - 387 = 0. What is the greatest common divisor of s and 24?
24
Let t = 163 - 101. Suppose -6*n + 4*n + t = 0. What is the highest common divisor of 217 and n?
31
Let y(h) = 12*h + 0*h - 13 + 7*h - h**2. Let q be y(9). Suppose 3*m - 22 + 6 = -x, 2*x + 3 = -m. Calculate the highest common factor of m and q.
7
Suppose 0*s + 9 = -3*s, -2*a + 3*s + 57 = 0. Let n = -38 - -245. Let u be 3/2 - n/(-6). Calculate the highest common divisor of a and u.
12
Suppose 5*d = 7*d + 40. Let o = d + 218. What is the greatest common divisor of o and 18?
18
Let d = 199 - 73. Let o = 28 + d. Calculate the highest common factor of o and 14.
14
Let s be (4/3)/(12/54). 